0123
In base 16, what is 81 + 1de91?
1df12
In base 10, what is 1 - 7698141?
-7698140
In base 8, what is -47057717 - 10?
-47057727
In base 13, what is -2 + -719ab4?
-719ab6
In base 6, what is 3200 + 4432422?
4440022
In base 12, what is -5a12 - 4780?
-a592
In base 8, what is -4 + 110544127?
110544123
In base 4, what is -311312 + -3003011?
-3320323
In base 7, what is -10 - 561020?
-561030
In base 14, what is -91 + -15a1d?
-15ab0
In base 16, what is -4b4f - 37e?
-4ecd
In base 5, what is 22143 + 142202?
214400
In base 6, what is -3123042242 + 3?
-3123042235
In base 6, what is 15230153 - -3?
15230200
In base 8, what is -57 - 50123567?
-50123646
In base 11, what is -398 + -461?
-849
In base 12, what is 3 - 8a6b5b?
-8a6b58
In base 7, what is -3 - 2214232002?
-2214232005
In base 8, what is 317 + -670374?
-670055
In base 3, what is -102121122112012 - -12?
-102121122112000
In base 5, what is -100 - -10011104104?
10011104004
In base 15, what is 43d1 + 2a04?
6dd5
In base 3, what is 12001020 + 20210000?
102211020
In base 6, what is -4 - -10554212?
10554204
In base 14, what is 9763a8 - 3?
9763a5
In base 10, what is -11 - -53569?
53558
In base 5, what is 2022320231 - 11?
2022320220
In base 3, what is 100 - -11102101021022?
11102101021122
In base 3, what is 201020002 - 101011121?
100001111
In base 12, what is 6537264 - 2?
6537262
In base 4, what is -32130 + -23213203?
-23311333
In base 7, what is 16235 + 114?
16352
In base 12, what is 31409a55 - -5?
31409a5a
In base 7, what is -11225 + 1110244?
1066016
In base 10, what is -323182066 + 5?
-323182061
In base 8, what is -27645 - -5107?
-22536
In base 8, what is 1673310 + -32?
1673256
In base 2, what is 10101100 - 11010110011110011000?
-11010110011011101100
In base 13, what is -7030 + -861?
-7891
In base 12, what is -8386a + -165?
-83a13
In base 8, what is 601464436 - 3?
601464433
In base 15, what is -11d3e9e + -5?
-11d3ea4
In base 4, what is 2 - 122000031233?
-122000031231
In base 5, what is 20 + -10423424014?
-10423423444
In base 10, what is 34305 - 979?
33326
In base 14, what is b680a + -319?
b64d1
In base 4, what is -122 + 2131210101?
2131203313
In base 3, what is -12 + 10100200022210?
10100200022121
In base 11, what is -5 + -12863a6?
-1286400
In base 5, what is 1414 - 41234211?
-41232242
In base 14, what is -2a13519 + 5?
-2a13514
In base 2, what is 11000 - 11100011010110101101?
-11100011010110010101
In base 9, what is -176 - -1614301?
1614114
In base 13, what is -193c + -9b2c?
-b76b
In base 11, what is -34a78 + -3840?
-38808
In base 8, what is 2 + -11176?
-11174
In base 15, what is 158 + 22a6?
240e
In base 3, what is 12100020211220 - -112?
12100020212102
In base 7, what is 30424 - -1633?
32360
In base 5, what is 31142 + 22223?
103420
In base 16, what is -41533c + 3?
-415339
In base 5, what is 10042332120 - 40?
10042332030
In base 2, what is 1111000000101011 + -1101101?
1110111110111110
In base 6, what is -20035453 - -231?
-20035222
In base 2, what is -10111101001000101100 - 1000000?
-10111101001001101100
In base 6, what is 2105224 - 514?
2104310
In base 10, what is -37568 - 240?
-37808
In base 12, what is 2a3b52 + -1?
2a3b51
In base 8, what is -464 + 10657?
10173
In base 6, what is 121430 + -432352?
-310522
In base 5, what is 1242312013 + 3?
1242312021
In base 3, what is -1212102 + 1012210000101?
1012201010222
In base 6, what is -1434524 + 1054?
-1433430
In base 5, what is -1 - -120201142144?
120201142143
In base 14, what is 5d05 + 131?
6036
In base 3, what is -220 - -201220111101001?
201220111100011
In base 13, what is 135690 - -712?
1360a2
In base 10, what is 4102 + -6595?
-2493
In base 12, what is 532b6 - -58?
53352
In base 5, what is -4 - 411134431?
-411134440
In base 12, what is -5a4 + 340a?
2a26
In base 16, what is 1 + -163acde?
-163acdd
In base 9, what is 1062425 + -2?
1062423
In base 6, what is -130 - 1213405?
-1213535
In base 5, what is 10 + 1343400320?
1343400330
In base 14, what is -3ad + 28d0b?
2893c
In base 3, what is 10012121 - 2201012012?
-2120222121
In base 15, what is a6 + -219b?
-20e5
In base 7, what is -23444 - 20223?
-44000
In base 2, what is 100111101011010110011100 - 101?
100111101011010110010111
In base 14, what is 126449b - 2?
1264499
In base 3, what is 11102202 - -102?
11110011
In base 11, what is -14765029 + 4?
-14765025
In base 14, what is -668b + -d8?
-6785
In base 15, what is -6b6bc + 111?
-6b5ab
In base 3, what is 1 + -1212220020012220?
-1212220020012212
In base 4, what is 10130202 - -102022?
10232230
In base 2, what is -1100101001010100010011 - -100110?
-1100101001010011101101
In base 12, what is 3 - -11b6286?
11b6289
In base 7, what is -150143 + -4023?
-154166
In base 3, what is 202202122102 + 200110?
202210022212
In base 9, what is 223 - 4061446?
-4061223
In base 15, what is -25d8 - -10bb?
-151c
In base 6, what is 1545554341 - 11?
1545554330
In base 5, what is -1030141122 + 3?
-1030141114
In base 14, what is -2 - -14cd9a?
14cd98
In base 4, what is 32003 + 10212321?
10310330
In base 4, what is -2002002221 + -3130?
-2002012011
In base 3, what is 111 + 10122210?
10200021
In base 11, what is -3a5 + -235?
-62a
In base 4, what is -21100011 - 112?
-21100123
In base 5, what is -1121414300 + -2?
-1121414302
In base 16, what is -1b3d - -8d?
-1ab0
In base 6, what is -1312303 - -20?
-1312243
In base 13, what is -10b54148 + 1?
-10b54147
In base 14, what is -2 - -186971d7?
186971d5
In base 6, what is 140 - 25055?
-24515
In base 11, what is 67174 - 37a?
668a5
In base 11, what is 27 - -2a1090?
2a1107
In base 5, what is 3 - 142340021213?
-142340021210
In base 6, what is -302232 + -212023?
-514255
In base 9, what is -12864 - -122?
-12742
In base 15, what is 1448e1d + 27?
1448e45
In base 3, what is -10111020011000 - -12?
-10111020010211
In base 10, what is 69 - 21123?
-21054
In base 15, what is -26 + -3263?
-3289
In base 8, what is -674 + -377260?
-400154
In base 3, what is -212001201102122 + -200?
-212001201110022
In base 3, what is 22211021102222 + 101?
22211021110100
In base 6, what is -10 - -202330515?
202330505
In base 2, what is 10001000000100011 + -1100000?
10000111111000011
In base 12, what is -65837 + -21?
-65858
In base 3, what is -1211121111 + -221200102?
-2210021220
In base 12, what is -14 - -52846b1?
5284699
In base 3, what is 2001 - -22122210121?
22122212122
In base 6, what is 1005345 - 3?
1005342
In base 5, what is 131300131 - 111?
131300020
In base 11, what is -182 + 70549?
70377
In base 10, what is 174698495 + 5?
174698500
In base 2, what is -1001100000010011010010 - 1100111?
-1001100000010100111001
In base 7, what is -35310202 + 46?
-35310123
In base 8, what is 1143027 - -42?
1143071
In base 8, what is -112527353 + -4?
-112527357
In base 4, what is -303232223013 + -22?
-303232223101
In base 13, what is 2 + 4a975ab2?
4a975ab4
In base 8, what is 4 + 156342471?
156342475
In base 3, what is 122012210011 - 11221?
122012121020
In base 16, what is -1 + 116974?
116973
In base 15, what is -487 - 1076d?
-10c05
In base 14, what is -75b8b + -17d?
-75d2a
In base 4, what is 11322213 + -121003?
11201210
In base 14, what is -34 - -54194?
54160
In base 13, what is 7 + 148990?
148997
In base 13, what is -4b + 1192745?
11926c7
In base 15, what is 16 - -124a20e?
124a225
In base 16, what is -be982 - -70?
-be912
In base 8, what is -2313 - 23?
-2336
In base 12, what is -526a086 + -2?
-526a088
In base 15, what is 2c1 - -138?
409
In base 12, what is 3 + b94113?
b94116
In base 9, what is -1053 + 16300?
15236
In base 9, what is -104 + 515532?
515427
In base 8, what is 151065 - -751?
152036
In base 12, what is -605 - 1605?
-200a
In base 14, what is -3 - 277bc30?
-277bc33
In base 2, what is -100 + -1111001101100111010001111?
-1111001101100111010010011
In base 7, what is 30550 + 522461?
553341
In base 8, what is -2 + 52716610?
52716606
In base 15, what is ee8 - 25ac?
-15b4
In base 12, what is 3b51959a - -1?
3b51959b
In base 13, what is -1ca1 + -10602?
-125a3
In base 12, what is -149a + -13a2?
-2880
In base 10, what is 15072 + -338?
14734
In base 2, what is 1010010001011111111100 - 10100110?
1010010001011101010110
In base 3, what is 202002121220120 + 10?
202002121220200
In base 16, what is 3a725 + 44?
3a769
In base 16, what is 1159d365 + 2?
1159d367
In base 7, what is 150511100 + 1?
150511101
In base 3,